t -60833 (base 16) to base 13.
-10ac1b
Convert -8b5d (base 15) to base 11.
-20236
What is -949860 (base 11) in base 16?
-17358c
-40143423 (base 5) to base 13
-b2039
2481136 (base 11) to base 7
51412530
Convert 1542426 (base 11) to base 2.
1010000100001011011010
What is -13593bb (base 12) in base 8?
-16543777
104350523 (base 6) to base 16
1cef33
What is 100000100001010111011100 (base 2) in base 6?
502420512
What is 7109 (base 10) in base 11?
5383
Convert -111a858 (base 11) to base 4.
-13132321322
-1240344 (base 7) to base 8
-472426
42434033 (base 5) to base 13
c731c
Convert 1504322 (base 7) to base 12.
9972b
-24780015 (base 9) to base 12
-40a374b
22696a (base 16) to base 13
60c659
What is 13a9990 (base 11) in base 8?
11153323
Convert -17909 (base 15) to base 9.
-125570
Convert 248257 (base 9) to base 14.
3cb40
Convert -1431330003 (base 5) to base 15.
-4e911d
What is -13437311 (base 8) in base 15?
-3eced9
What is 170970 (base 13) in base 16?
8bda0
Convert 11214403410 (base 5) to base 9.
25725431
Convert -110011100100010010 (base 2) to base 10.
-211218
What is 14023205 (base 6) in base 2?
1110010101101110101
551711 (base 9) to base 4
1100122030
Convert 64bf9 (base 16) to base 2.
1100100101111111001
What is 161008 (base 12) in base 5?
43444414
What is -200533444 (base 6) in base 16?
-33ec44
What is -101211022201 (base 3) in base 15?
-4321d
What is -10122201210 (base 3) in base 10?
-71976
What is -133031010 (base 5) in base 15?
-d4a05
-748255 (base 12) to base 15
-264d15
-10eb5 (base 16) to base 8
-207265
-6b07c6 (base 14) to base 12
-1280a76
What is 2c0d (base 14) in base 11?
599a
Convert 34b3 (base 12) to base 4.
1130013
Convert -22111212200 (base 3) to base 14.
-45100
Convert -5d822e (base 15) to base 12.
-1602052
Convert 2412401 (base 5) to base 13.
17486
aae7 (base 16) to base 2
1010101011100111
-290a9 (base 12) to base 7
-325425
What is -72602 (base 13) in base 4?
-302020121
Convert -685203 (base 10) to base 6.
-22404123
Convert a487c (base 15) to base 9.
874530
-20032111023 (base 4) to base 6
-114112443
What is -303233322 (base 4) in base 5?
-23240322
Convert -1312120311 (base 4) to base 5.
-111004132
What is -15521214 (base 6) in base 8?
-2073752
Convert -11021220000 (base 3) to base 11.
-58523
Convert 435a8 (base 11) to base 16.
f730
21201100221 (base 3) to base 12
73aa4
Convert 16b061 (base 16) to base 7.
15432055
What is -268766 (base 9) in base 3?
-22022212020
What is -32024431 (base 5) in base 13?
-949a3
322411 (base 13) to base 4
10133020111
2412011 (base 5) to base 9
67200
What is 486519 (base 11) in base 3?
1110010011102
-4104442 (base 5) to base 10
-66247
What is 124001110 (base 6) in base 4?
21100120002
What is 1146421 (base 8) in base 14?
82945
What is -118166 (base 16) in base 12?
-473ab2
545988 (base 15) to base 5
2012042103
-614173 (base 8) to base 13
-7145a
20322000023 (base 4) to base 12
94714b
What is 2134469 (base 12) in base 3?
102211121001100
-2b543 (base 12) to base 5
-3430001
3c101a (base 13) to base 3
2202010010210
-101120202230 (base 4) to base 11
-26327a2
What is -355635 (base 7) in base 3?
-10021102110
Convert -101000000101110 (base 2) to base 13.
-945c
What is -24243157 (base 8) in base 14?
-9c91a7
Convert a64b42 (base 14) to base 11.
319a922
What is -5a9897 (base 13) in base 15?
-2caeb9
Convert 169673 (base 10) to base 11.
106529
What is 322113023013 (base 4) in base 5?
12404034041
Convert 2836875 (base 11) to base 6.
252405213
Convert -a17524 (base 11) to base 7.
-16620024
35b1b (base 15) to base 14
465a3
What is 201a7 (base 12) in base 8?
121417
Convert 42033340 (base 6) to base 5.
302431344
What is -8223 (base 15) in base 14?
-a031
1776718 (base 12) to base 14
912028
-363176 (base 8) to base 10
-124542
Convert -50231545 (base 6) to base 5.
-330411140
13124440 (base 8) to base 6
142422212
Convert 5aabc (base 13) to base 11.
104203
111530624 (base 7) to base 16
67b8e7
-37376c (base 14) to base 8
-7157364
What is fff34 (base 16) in base 4?
3333330310
What is 44462000 (base 7) in base 2?
1110101011001110110000
What is -12220141 (base 5) in base 16?
-1c8b9
Convert 4588611 (base 10) to base 13.
c48771
What is -113255 (base 7) in base 5?
-1123000
-12020410 (base 5) to base 15
-22c20
Convert -1020122121121 (base 3) to base 4.
-2201231230
Convert 8754362 (base 9) to base 3.
22211211102002
-100121010110 (base 3) to base 10
-188904
Convert b0215 (base 14) to base 10.
422987
-10223434034 (base 5) to base 10
-10764894
Convert 1141114310 (base 6) to base 15.
120735c
1038b0 (base 13) to base 8
1344763
What is -13411034 (base 6) in base 11?
-28a002
What is 10101100000100010110101 (base 2) in base 15?
765935
-1903068 (base 12) to base 16
-4fd090
Convert 3ed983 (base 15) to base 9.
5632316
What is 1a63b1 (base 13) in base 14?
13661a
What is -126616442 (base 7) in base 12?
-2906a38
What is 34422 (base 8) in base 6?
151350
1a4875 (base 11) to base 7
2444654
Convert 22b7b3 (base 13) to base 16.
c9774
Convert 328c540 (base 13) to base 12.
522574a
-305022012 (base 6) to base 15
-6e3025
-374992 (base 12) to base 16
-dbb7e
What is -4042444 (base 5) in base 2?
-1111111101011110
Convert 32111220 (base 6) to base 11.
594121
What is -10001010110101111010 (base 2) in base 6?
-20104510
What is -100211102 (base 3) in base 11?
-5425
11100201020 (base 3) to base 4
110330310
What is 125551 (base 6) in base 12?
68b7
What is 8893a (base 15) in base 9?
731401
Convert 1046211 (base 7) to base 10.
129417
Convert 80ca51 (base 13) to base 5.
1231422324
113013 (base 7) to base 2
100111100010111
131674 (base 9) to base 12
3a37a
-1406034 (base 7) to base 15
-3a5e0
What is -292435 (base 12) in base 9?
-1258225
Convert -232031201 (base 5) to base 9.
-1867763
-1042142200 (base 5) to base 16
-232350
What is 36800138 (base 9) in base 10?
18010061
Convert -4564235 (base 7) to base 3.
-1001222121212
What is 16010054 (base 7) in base 10?
1531877
Convert 144002220 (base 5) to base 7.
6340022
What is 100211102120100 (base 3) in base 9?
10742510
What is 440923a (base 11) in base 7?
122545335
What is -3765418 (base 9) in base 10?
-2051018
Convert 1638179 (base 13) to base 4.
123103211033
What is 172ee (base 16) in base 12?
46b52
Convert -612428 (base 9) to base 5.
-43101123
3514204 (base 8) to base 10
956548
-747 (base 14) to base 8
-2633
Convert 21653177 (base 8) to base 14.
899b0b
-119863 (base 13) to base 4
-1212303010
What is 380977 (base 10) in base 9?
640537
Convert -6501652 (base 8) to base 3.
-10021021121010
1c972 (base 16) to base 4
130211302
What is -1110211020 (base 5) in base 2?
-1001010000111111010101
21021111112 (base 3) to base 16
22f91
243101 (base 9) to base 6
3050431
What is 10352242 (base 6) in base 15?
61dee
What is -1002104 (base 7) in base 15?
-25128
What is 58357 (base 10) in base 5?
3331412
43712006 (base 8) to base 7
142660032
What is -434233 (base 6) in base 11?
-25011
213131111 (base 4) to base 16
27755
Convert -1326445 (base 8) to base 7.
-3106364
What is -137341 (base 8) in base 3?
-2111000211
Convert 9c462 (base 15) to base 16.
795dd
What is -100b1ca (base 13) in base 3?
-100010110202012
What is -21210302 (base 6) in base 13?
-18aa36
Convert 14624453 (base 7) to base 9.
2565308
Convert 17d27 (base 14) to base 9.
101526
What is 1216316 (base 8) in base 2?
1010001110011001110
-3171204 (base 11) to base 13
-1204973
What is -215267 (base 8) in base 11?
-4a416
-70a70 (base 11) to base 8
-312536
Convert 1224a4 (base 13) to base 6.
13143255
Convert 34351354 (base 7) to base 8.
13353424
Convert 538040 (base 15) to base 16.
3caa82
What is -46153535 (base 7) in base 6?
-222214122
Convert -31120322132 (base 4) to base 6.
-203121342
Convert 8d1ba5 (base 15) to base 8.
31552272
10110001000000 (base 2) to base 8
26100
-22212202101 (base 3) to base 5
-21043111
Convert -333331010 (base 5) to base 2.
-101100101100010111001
Convert -23bd04 (base 14) to base 4.
-10222233100
c4b7 (base 15) to base 4
22021210
Convert -881023 (base 11) to base 8.
-5273654
Convert -66261024 (base 7) to base 4.
-111232200231
What is -37a3b5 (base 13) in base 9?
-2456213
Convert -1579998 (base 10) to base 9.
-2867313
Convert 317013 (base 10) to base 6.
10443353
1103411110 (base 5) to base 11
13a20a9
488263 (base 13) to base 4
12212301013
Convert 1882c (base 14) to base 15.